et j(x) = 2*x**2 + 2*x + 2. Let g be j(2). List the prime factors of 6/(-168)*-4 + 3442/g.
2, 3, 41
Let p = 75 + -49. Suppose p*m + 222 = 32*m. List the prime factors of m.
37
Suppose 0*m + 4*m = 0. Suppose m = -4*v - 2*v + 24. Suppose 3*u = v*y + 140, 3*y - 49 = -u + 2*y. List the prime factors of u.
2, 3
Suppose -5*r - 41 + 126 = 5*z, -5*r - 20 = 0. Suppose 569 = z*h - 2980. What are the prime factors of h?
13
Let q(b) = 24*b - 35 + 4*b**3 - 5*b**3 + 17*b**2 - 13*b. Let c be q(17). Suppose 3*w - 5*u - 20 - 86 = 0, 4*w - 4*u - c = 0. List the prime factors of w.
2, 3, 7
Let j(b) = 11*b**2 + 6*b + 6. Let x(t) = -t**2 - 1. Let s(z) = j(z) - 6*x(z). What are the prime factors of s(-5)?
11, 37
Let j be (-231)/(-297) + (-1)/(9/(-2)). What are the prime factors of j/(-4) + 14455/140?
103
Suppose 5*r + 5*s = 143340, 0 = 106*s - 109*s - 9. List the prime factors of r.
3, 19, 503
Let i be (-5)/(-3)*26937/205. Suppose -5*q - 5*m = 5 + 5, 0 = -q - 3*m. List the prime factors of q/(-15) - i/(-5).
2, 11
List the prime factors of 72684/(27/3) - (-6 + -1).
59, 137
Suppose -1754*r + 1757*r + 2*c - 7801 = 0, -r - c = -2601. List the prime factors of r.
23, 113
Let y = 138 + -54. Suppose 2*a + 8 = y. List the prime factors of a.
2, 19
Let y(p) = 4*p - 12. Let v be y(-6). Let u be 2*9/(v/(-8)). List the prime factors of -2*((-162)/u)/9.
3
Suppose 33*l - 590 = 31*l. Let v = 310 - l. What are the prime factors of v?
3, 5
Suppose -284*f - 12 = -286*f. Let h be (2682/8)/(f/16). Suppose 4*v = q + 1205, 5*v = 2*v + 4*q + h. What are the prime factors of v?
2, 151
Suppose 4*n - 20079 = -5*h + 102713, -2*h = -2*n - 49124. What are the prime factors of h?
2, 5, 307
Let y = -227 + 244. Let k(q) = -q**2 + 31*q + 85. What are the prime factors of k(y)?
17, 19
Suppose z + 36307 = 5*s, -92*s + 89*s - 3*z + 21777 = 0. What are the prime factors of s?
53, 137
Let u = -686 + 981. Suppose 1037 = 2*c - u. List the prime factors of c.
2, 3, 37
Let h = -31799 + 54285. List the prime factors of h.
2, 11243
Let z(c) be the second derivative of 4*c**4/3 + c**3/6 - c**2 - 35*c. Let q(a) = a**2 - 7*a - 10. Let k be q(8). What are the prime factors of z(k)?
2, 3, 5
Let p be (0 - 3)*(-7)/7. Let o(l) = l**2 + 13*l**2 - p*l**2 + 4*l + 13*l**2 + 4. List the prime factors of o(-1).
2, 3
Suppose -102*q + 49*q + 29425 = -48*q. What are the prime factors of q?
5, 11, 107
Let l(m) = -m**3 + 7*m + 32. Let r be l(8). Let j = r - -655. List the prime factors of j.
3, 7, 11
Let h(d) = 80*d**3 - 9*d**2 + 50*d - 34. Let l(k) = -27*k**3 + 3*k**2 - 17*k + 11. Let c(f) = 6*h(f) + 17*l(f). What are the prime factors of c(2)?
7, 23
Let z be -1 + 500/12*3. Let t = 203 - z. Let k = 186 - t. What are the prime factors of k?
107
Suppose c + 5*j + 15 = 0, -3*c - 8 - 1 = 3*j. Suppose -11*a = -c*a - 2376. List the prime factors of a.
2, 3
Suppose 12*q - 14*q + 6*q = 32932. What are the prime factors of q?
8233
Suppose 0 = 3*s - 10 - 2. Suppose 5*b = 4*p + 15 - 7, 4*b = p + 2. Suppose s*a - 118 - 46 = b. What are the prime factors of a?
41
Let t = 25124 + -8561. What are the prime factors of t?
3, 5521
Let o(m) = 296*m**2 + 56*m - 8. List the prime factors of o(2).
2, 7, 23
Suppose -61774 - 309441 = -49*r + 696054. List the prime factors of r.
23, 947
What are the prime factors of ((-15 - -8) + 3072)*1 - 4?
3061
Suppose 0 = -2*x + 16, 0 = -k - 196*x + 194*x + 46737. List the prime factors of k.
19, 2459
Let v(q) = -52*q + 105. What are the prime factors of v(-11)?
677
Let z(l) = -16*l + 0*l + l**3 + 19*l**2 + 17 - 10*l + 2*l. Let s be z(-20). What are the prime factors of -1 - 0 - (-1 - s)?
97
What are the prime factors of ((-12194)/(-5))/((-94)/(-235))?
7, 13, 67
What are the prime factors of 1/12 - (-12 - 1113794/264)?
4231
Suppose -3*f - 10 = 62. Let w = f + 32. List the prime factors of w.
2
Suppose -32*i = -180*i + 1219239 + 33285. What are the prime factors of i?
3, 7, 13, 31
Let k = 11 + 17. Let h(u) = -43*u + 75*u - 1 + k*u. List the prime factors of h(2).
7, 17
Suppose 7*t - 36 + 106 = 0. Let v = t + 15. Suppose 0 = -v*n + 7*n - 60. What are the prime factors of n?
2, 3, 5
Suppose g + 18 = -4*s, 4*s + 26 = -g - 4*g. Let b = g - -17. Suppose 6*j - j + b = 0, -4*v + 3*j + 177 = 0. What are the prime factors of v?
2, 3, 7
Suppose -22*u + 18 = -28*u. List the prime factors of (2/u)/(-2*(-3)/(-144)).
2
Suppose -19*z + 32372 = -16268. List the prime factors of z.
2, 5
Let k = 76 - 41. Suppose -2*s - k = -7*s. Suppose -s*a - 200 = -9*a. List the prime factors of a.
2, 5
Suppose 37*b = 24*b + 38337. Let l = b + -1725. List the prime factors of l.
2, 3, 17
List the prime factors of ((-657)/(-6))/((-366)/(-9028)).
37, 73
Let n be (42/28)/(6/8). Suppose 2 = -2*t - 2*o + 6, -n*t + 4 = 5*o. Suppose -3*k = -3*j + j - 508, -k = t*j - 164. List the prime factors of k.
2, 3, 7
Let n = 45 + -43. Suppose 2*h - 132 = -d - h, 0 = -n*d - h + 274. What are the prime factors of d - (4/(-6))/(4/(-6))?
137
Let p(l) = -l**3 + 14*l**2 - 9*l + 3. Let u be p(13). Suppose -544 = -4*h + 5*k - 0*k, -h - 3*k = -119. Let i = h - u. What are the prime factors of i?
2, 19
Suppose 11*z + 631 - 37 = 0. Let r = 36 - z. What are the prime factors of r?
2, 3, 5
Suppose 207*h + 1053018 = -228*h + 453*h. What are the prime factors of h?
19, 3079
Suppose 21*t - 16*t - 335 = 0. Suppose -81 = -b - t. List the prime factors of b.
2, 7
List the prime factors of (6332 - (-4)/(-2)) + (-39 - -38).
6329
Let a be 2/(-7) + (-4035)/(-35). Let o be 2776/16 - (0 + 3/(-2)). Let m = o - a. List the prime factors of m.
2, 3, 5
List the prime factors of 2 + 4 - (-535)/1.
541
Let l = -622 - -1334. Let t = 2972 - l. List the prime factors of ((-24)/8)/(5/(t/(-6))).
2, 113
Let i be (-25)/(-3)*(4 - 1). Let f(z) = -43*z - 299. Let a be f(-7). Suppose i = o + 2*h, -3*h - 57 = -a*o - 0*h. List the prime factors of o.
3
Let d be 20/(-50)*2730/1. Let l = -753 - d. What are the prime factors of l?
3, 113
Let d(f) = f - 11. Let c(g) = g + 11. Let i be c(-7). Let b be d(i). Let j(r) = r**2 - 7*r + 18. What are the prime factors of j(b)?
2, 29
Let v = 66 - -7. Suppose 3*g - y - y = -204, y + v = -g. Let t = 123 + g. List the prime factors of t.
53
Let c = 6666 - -999. What are the prime factors of c?
3, 5, 7, 73
Let z(n) = -n**2 + 4*n + 33. Let g be z(10). Let h be (1 - (-21)/g) + (-204)/(-54). List the prime factors of 3/((-1 + h)/(-3)*-1).
3
Let k = 2223 + 5915. What are the prime factors of k?
2, 13, 313
Let x(t) = -54*t - 6. Let s(y) = -y**3 + 6*y**2 + 13*y + 16. Let r be s(8). What are the prime factors of x(r)?
2, 3, 71
Let h(x) = 9*x**2 - 116*x + 348. What are the prime factors of h(41)?
71, 151
Suppose l + l - 234 = 2*a, 5*a + 3*l + 569 = 0. Let v be (-621)/(0 + -3) + 0. Let f = a + v. List the prime factors of f.
2, 23
Suppose -2*n - 4*a + 29 = -a, 0 = 5*n + 3*a - 50. Let j be (3 + n)*145/10. Suppose 3*s + 1 = j. List the prime factors of s.
2, 3
Let l = 101032 - 54601. What are the prime factors of l?
3, 7, 11, 67
Suppose 2*u - 43 + 39 = 0. Suppose u*v + 23 = 21. List the prime factors of (v - (-14)/10)/(15/4575).
2, 61
Let b(u) = -14*u + 59. Let d(o) = o. Let g(p) = b(p) + 6*d(p). Let x = -2066 - -2055. What are the prime factors of g(x)?
3, 7
Let j = -38 - -49. Suppose 2*k - 2*x + 6 = -2, 0 = -k + 4*x + j. What are the prime factors of (87/k - -2)*3/(-1)?
23
Let r(o) = 9*o**2 + 3*o - 23. Let u be r(4). Suppose 0 = 3*k - 527 - u. What are the prime factors of k?
2, 5, 11
Suppose 0*d - 3522 = -l - d, -8*d = -2*l + 7064. What are the prime factors of l?
2, 881
Let t = 3335 - 155. Suppose -5*q = i - t, 12*q - 2550 = 8*q - 2*i. List the prime factors of q.
5, 127
Suppose 0 = 4*v + 12, 562 = k - 5*v - 1710. Suppose -t = 5*c - k, 4*t - 3*t - 2 = 0. List the prime factors of c.
11, 41
Suppose 0 = 4*p - k - 21019, -4*p + 3*k - 3605 + 24622 = 0. What are the prime factors of p?
5, 1051
List the prime factors of (27680 - (-10 - -12)) + (-1 - 9).
2, 6917
Suppose -o = 8*o + 72. Let b be o/1 - (-1 - 4). What are the prime factors of (4374/(-5))/b - (-6)/15?
2, 73
Let d be -3*((-80)/12 + 5). Suppose 0 = -2*h + c + 517, -3*c - 2*c = -d. What are the prime factors of h?
7, 37
Let f(t) = -t**2 - 14*t - 3. Suppose 0 = 2*i - 4*r - 0*r + 4, 5*i = 3*r - 38. Let k be f(i). Let u = k - 